{"id":1625,"date":"2021-02-25T18:45:43","date_gmt":"2021-02-25T18:45:43","guid":{"rendered":"http:\/\/wep.jamuzikant.cz\/?page_id=1625"},"modified":"2021-02-25T18:53:57","modified_gmt":"2021-02-25T18:53:57","slug":"rozmarintszal","status":"publish","type":"page","link":"https:\/\/www.bajnoczizsofia.hu\/index.php\/rozmarintszal\/","title":{"rendered":"Rozmarintsz\u00e1l"},"content":{"rendered":"\t\t<div data-elementor-type=\"wp-page\" data-elementor-id=\"1625\" class=\"elementor elementor-1625\">\n\t\t\t\t\t\t<section class=\"elementor-section elementor-top-section elementor-element elementor-element-314a5c8 elementor-section-boxed elementor-section-height-default elementor-section-height-default\" data-id=\"314a5c8\" data-element_type=\"section\">\n\t\t\t\t\t\t<div class=\"elementor-container elementor-column-gap-default\">\n\t\t\t\t\t<div class=\"elementor-column elementor-col-100 elementor-top-column elementor-element elementor-element-e78beaf\" data-id=\"e78beaf\" data-element_type=\"column\">\n\t\t\t<div class=\"elementor-widget-wrap elementor-element-populated\">\n\t\t\t\t\t\t<div class=\"elementor-element elementor-element-b6ee8ac elementor-widget elementor-widget-text-editor\" data-id=\"b6ee8ac\" data-element_type=\"widget\" data-widget_type=\"text-editor.default\">\n\t\t\t\t<div class=\"elementor-widget-container\">\n\t\t\t\t\t\t\t<p style=\"text-align: justify;\">Volt egyszer egy kir\u00e1ly, akit a n\u00e9pei er\u0151sen szerettek, de sokat is b\u00fasultak miatta, mert nem akart megh\u00e1zasodni.<\/p><p style=\"text-align: justify;\">Mi lesz az orsz\u00e1gunkb\u00f3l &#8211; \u00e9vel\u0151dtek a n\u00e9pek -, ha egyszer meghal a kir\u00e1lyunk, s nem marad \u00f6r\u00f6k\u00f6se! Hiszen a kir\u00e1ly szeretett volna megh\u00e1zasodni, be is j\u00e1rt orsz\u00e1got-vil\u00e1got, de sehol sem tal\u00e1lt kedv\u00e9re val\u00f3 feles\u00e9get.<\/p><p style=\"text-align: justify;\">Nem tudta m\u00e1r, hogy mit csin\u00e1ljon. Egyszer esz\u00e9be jut, hogy van az \u0151 vadaserdej\u00e9ben egy soktud\u00f3 \u00f6reg vad\u00e1szember, att\u00f3l majd tan\u00e1csot k\u00e9r. Elment az erd\u0151be, megkereste az \u00f6reg vad\u00e1szt, tan\u00e1csot k\u00e9rt t\u0151le. Az \u00f6reg vad\u00e1sz egy rozmarintsz\u00e1lat adott neki, s azt mondta, hogy amely le\u00e1ny el\u0151tt ez a rozmarintsz\u00e1l meghajol, azt vegye el feles\u00e9g\u00fcl. Visszament a kir\u00e1ly az udvar\u00e1ba, s kihirdettette orsz\u00e1g-vil\u00e1gszerte, hogy aki sz\u00e9p le\u00e1ny van, s az \u0151 feles\u00e9ge akar lenni, j\u00f6jj\u00f6n el az udvar\u00e1ba, s amelyik el\u0151tt meghajol a rozmarint, feles\u00e9g\u00fcl veszi.<\/p><p style=\"text-align: justify;\">Bezzeg hogy j\u00f6ttek a vil\u00e1g minden t\u00e1j\u00e9k\u00e1r\u00f3l, gazdag l\u00e1nyok, szeg\u00e9ny l\u00e1nyok, b\u00e1r\u00f3-, gr\u00f3f- s hercegkisasszonyok, hogy alig f\u00e9rtek el az udvaron. Ott azt\u00e1n sz\u00e9pen k\u00f6rbe \u00e1llottak, s a kir\u00e1ly kiment k\u00f6z\u00e9j\u00fck. Sorban meg\u00e1llott el\u0151tt\u00fck, kez\u00e9ben a rozmarinttal, de bizony az egyetlenegy le\u00e1ny el\u0151tt sem hajolt meg.<\/p><p style=\"text-align: justify;\">B\u00fasult a kir\u00e1ly, hogy m\u00e1r a rozmarint sem haszn\u00e1l. Kihirdette m\u00e1sodszor, hogy j\u00f6jj\u00f6n, aki szerencs\u00e9t akar pr\u00f3b\u00e1lni. S j\u00f6ttek m\u00e1sodszor m\u00e9g t\u00f6bben, sokkal szebb le\u00e1nyok, de a rozmarint ezek el\u0151tt sem hajolt meg. Megpr\u00f3b\u00e1lta harmadszor is, s j\u00f6ttek most annyian, mint \u00e9gen a ragyog\u00f3 csillag. S val\u00e1nak k\u00f6zt\u00fck olyan sz\u00e9pek, hogy a napra lehetett n\u00e9zni, de r\u00e1juk nem, s a rozmarint m\u00e9g ezek el\u0151tt sem hajolt meg. De m\u00e1r most igaz\u00e1n nem tudta, mit\u00e9v\u0151 legyen.<\/p><p style=\"text-align: justify;\">Hi\u00e1ba fek\u00fcdt le este, szem\u00e9re nem j\u00f6tt \u00e1lom, mert a n\u00e9p z\u00fagol\u00f3dott m\u00e1r, hogy annyi sz\u00e9p le\u00e1ny k\u00f6z\u00fcl nem tudott v\u00e1lasztani. Amint \u00edgy t\u0171n\u0151dn\u00e9k, \u00e9vel\u0151dnek mag\u00e1ban, csak ber\u00f6ppen az ablakon egy kicsi mad\u00e1rka, arany volt a l\u00e1ba, arany volt a sz\u00e1rnya, s elkezdett besz\u00e9lni a rozmarinttal: &#8211; Hallod-e, te rozmarintsz\u00e1l, \u00e9n tudom, hogy a kir\u00e1ly sz\u00edv\u00e9nek nagy b\u00e1natja vagyon, de \u00e9n majd seg\u00edtek rajta. Mert a kir\u00e1ly k\u00e9tszer szabad\u00edtott meg engem a s\u00f3lyom karmai k\u00f6z\u00fcl, h\u00e1t j\u00f3\u00e9rt j\u00f3val akarok neki szolg\u00e1lni.<\/p><p style=\"text-align: justify;\">Az a le\u00e1ny, aki el\u0151tt te meghajoln\u00e1l, t\u00fcnd\u00e9rkertben lakik. Holnap reggel indulj el az udvarb\u00f3l, h\u00edvjad a kir\u00e1lyt, hogy menjen ut\u00e1nad, \u00e9n majd felettetek rep\u00fcl\u00f6k, s te csak n\u00e9zzed, hogy merre sz\u00e1llok, arra tarts mindig, sz\u00e9pen elvezetlek a t\u00fcnd\u00e9rkertbe.<\/p><p style=\"text-align: justify;\">A kir\u00e1ly j\u00f3l hallotta ezt a besz\u00e9det, s alig v\u00e1rta, hogy megvirradjon. Nem kellett, hogy h\u00edvja a rozmarint, amint az elindult, ment ut\u00e1na. Az aranyl\u00e1b\u00fa, aranytoll\u00fa mad\u00e1r mindig ott rep\u00fclt f\u00f6l\u00f6tt\u00fck. Vezette \u0151ket erd\u0151k\u00f6n-mez\u0151k\u00f6n \u00e1ltal, hetedh\u00e9t orsz\u00e1g ellen. Amint mentek, menged\u00e9ltek, rengeteg erd\u0151 k\u00f6zep\u00e9ben egy lovat tal\u00e1ltak, mely az \u00fat sz\u00e9l\u00e9n fetrengett s ny\u00f6g\u00f6tt keservesen.<\/p><p style=\"text-align: justify;\">Odamegy a kir\u00e1ly, n\u00e9zi, mi baja a l\u00f3nak. M\u00e9g j\u00f3l r\u00e1 sem n\u00e9zhetett, megsz\u00f3lal a l\u00f3: &#8211; Te j\u00f3 ember, seg\u00edts rajtam, bizony megszolg\u00e1lom neked. Egy esztendeje, hogy a bal lapock\u00e1mban van egy ez\u00fcstny\u00edl, s m\u00e9g nem akadt olyan k\u00f6ny\u00f6r\u00fcletes l\u00e9lek, aki ezt kih\u00fazta volna. M\u00e9g azt is elmondta a t\u00e1ltos l\u00f3 &#8211; mert t\u00e1ltos volt -, hogy a nyilat egy v\u00e9n boszork\u00e1ny l\u0151tte a lapock\u00e1j\u00e1ba.<\/p><p style=\"text-align: justify;\">A kir\u00e1ly megfogta a nyilat, sz\u00e9pen kih\u00fazta, s h\u00e1t abban a szempillant\u00e1sban a l\u00f3 felsz\u00f6k\u00f6tt a f\u00f6ldr\u0151l, fel\u00e1gaskodott, s \u00fagy megsz\u00e9p\u00fclt, hogy a kir\u00e1ly olyan sz\u00e9p lovat \u00e9let\u00e9ben m\u00e9g nem l\u00e1tott. &#8211; Na &#8211; mond\u00e1 a t\u00e1ltos -, k\u00f6sz\u00f6n\u00f6m a j\u00f3s\u00e1godat, el sem is felejtem. J\u00f3l tudom, hogy mi j\u00e1ratban vagy.<\/p><p style=\"text-align: justify;\">\u00dclj fel a h\u00e1tamra, s addig meg nem nyugszom, m\u00edg feles\u00e9get nem tal\u00e1lsz. Fel\u00fclt a kir\u00e1ly a t\u00e1ltos h\u00e1t\u00e1ra. Sz\u00e1llott a rozmarint el\u0151tt\u00fck, az aranytoll\u00fa mad\u00e1r felett\u00fck, s rep\u00fclt a t\u00e1ltos, sz\u00e9ln\u00e9l sebesebben, m\u00e9g a gondolatn\u00e1l is sebesebben. Hanem egyszer csak hirtelen meg\u00e1ll a t\u00e1ltos. Szerten\u00e9z a kir\u00e1ly, s h\u00e1t egy \u00fcvegv\u00e1r el\u00e9 \u00e9rtek. No, m\u00e9g ilyen v\u00e1rat sem l\u00e1tott vil\u00e1g\u00e9let\u00e9ben!<\/p><p style=\"text-align: justify;\">\u00dcveg a fala, \u00fcveg a f\u00f6dele, \u00fcveg az ajtaja, s ak\u00e1r hiszitek, ak\u00e1r nem, \u00fcveg volt m\u00e9g az ablaka is. M\u00e9g meg sem \u00e1llapodtak j\u00f3form\u00e1n az \u00fcvegv\u00e1r el\u0151tt, hallja a kir\u00e1ly, hogy valaki odabent \u00e9ktelen\u00fcl ord\u00edt, mintha ny\u00fazn\u00e1k, s t\u00fczes vassal s\u00fct\u00f6getn\u00e9k. Beszalad a kir\u00e1ly a v\u00e1rba, s &#8211; Uram, J\u00e9zus, ne hagyj el! &#8211; mit l\u00e1tnak szemei. Egy \u00fcvegember \u00fcl ott, s ord\u00edt keservesen. Az\u00e9rt ord\u00edtott, mert a has\u00e1ban egy dong\u00f3 volt, s az ki akarta r\u00e1gni.<\/p><p style=\"text-align: justify;\">K\u00e9rdi a kir\u00e1ly: &#8211; H\u00e1t te mi\u00e9rt ord\u00edtasz, te \u00fcvegember? &#8211; Hogyne ord\u00edtan\u00e9k &#8211; mond\u00e1 az \u00fcvegember -, h\u00e1t nem l\u00e1tod, hogy egy nagy dong\u00f3 van a hasamban, s ki akarja r\u00e1gni! &#8211; H\u00e1t nem lehet ett\u0151l megszabad\u00edtani t\u00e9ged? &#8211; k\u00e9rdi a kir\u00e1ly. &#8211; Dehogy lehet, dehogy lehet &#8211; mond\u00e1 az \u00fcvegember -, eleget pr\u00f3b\u00e1ltam, de nem lehet, m\u00edg ennek a dong\u00f3nak az anyja, a k\u00e9tkard\u00fa p\u00f3k \u00e9l.<\/p><p style=\"text-align: justify;\">Az pedig, m\u00edg a vil\u00e1g s m\u00e9g k\u00e9t nap, mindig \u00e9l, nem lehet azt elpuszt\u00edtani. Volt egy t\u00e1ltos lovam, az tal\u00e1n el tudta volna puszt\u00edtani, de az \u00f6rd\u00f6gadta k\u00e9tkard\u00fa p\u00f3k ezt is megl\u0151tte.<\/p><p style=\"text-align: justify;\">M\u00e9g j\u00f3form\u00e1n el sem panaszolhat\u00e1 ezt az \u00fcvegember, h\u00e1t ereszkedik le a padl\u00e1sr\u00f3l a k\u00e9tkard\u00fa p\u00f3k, s le\u00fcl az \u00fcvegkanap\u00e9ra, \u00e9ppen a kir\u00e1lyn\u00e9 mell\u00e9, mert hogy szavamat \u00f6ssze ne keverjem, ott \u00fclt a kir\u00e1lyn\u00e9 az \u00fcvegkanap\u00e9n, de tet\u0151t\u0151l talpig be volt fonva p\u00f3kh\u00e1l\u00f3val.<\/p><p style=\"text-align: justify;\">A kir\u00e1lyn\u00e9n mindig r\u00f3zsaruha volt, de ezt a p\u00f3k minden \u00f3r\u00e1ban befonta az \u0151 h\u00e1l\u00f3j\u00e1val, a m\u00e1sik \u00f3r\u00e1ban pedig egy t\u00f6vismad\u00e1r let\u00e9pdeste r\u00f3la a h\u00e1l\u00f3t. Na, leereszkedett a p\u00f3k az \u00fcvegkir\u00e1lyn\u00e9 mell\u00e9, \u00e9s elkezdette fonni a h\u00e1l\u00f3t a r\u00f3zsaruh\u00e1ra. &#8211; De ilyen-olyan teremtette &#8211; rikkantott a kir\u00e1ly -, ezt m\u00e1r tov\u00e1bb nem n\u00e9zhetem! Kir\u00e1ntotta a kardj\u00e1t, s nekiv\u00e1gott a p\u00f3knak. De az a fertelmes \u00e1llat a k\u00e9t els\u0151 l\u00e1b\u00e1val, amely olyan volt, mint k\u00e9t kard, \u00fagy-\u00fagy visszacsapott, hogy a kir\u00e1lynak mindegyre kiesett a kard a kez\u00e9b\u0151l. Csak \u00fagy csengett az \u00fcvegv\u00e1r a nagy er\u0151s viaskod\u00e1st\u00f3l, hogy a t\u00e1ltos is meghallotta odakint.<\/p><p style=\"text-align: justify;\">Hopp, nekiugrott a gar\u00e1dicsnak, fel az \u00fcvegv\u00e1rba, be a szob\u00e1ba, s \u00fagy oldalba r\u00fagta a k\u00e9tkard\u00fa p\u00f3kot, hogy meg sem moccant t\u00f6bbet. A dong\u00f3, mikor l\u00e1tta, hogy az anyja veszedelemben van, hirtelen kirep\u00fclt az \u00fcvegkir\u00e1ly sz\u00e1j\u00e1n, de hiszen ha kirep\u00fclt, v\u00e9ge is lett az \u00e9let\u00e9nek, \u00fagy r\u00e1tappantott a t\u00e1ltos az els\u0151 l\u00e1b\u00e1val. S h\u00e1t amint a p\u00f3k meg a dong\u00f3 megd\u00f6gl\u00f6tt &#8211; hallj\u00e1tok csak, mi t\u00f6rt\u00e9nt.<\/p><p style=\"text-align: justify;\">Az \u00fcvegemberb\u0151l igazi sz\u00e9p ember lett. Az \u00fcvegasszonyb\u00f3l igazi sz\u00e9p asszony &#8211; de milyen sz\u00e9p asszony! -, s a ruh\u00e1j\u00e1n egyszeriben kiny\u00edlottak a r\u00f3zs\u00e1k. A kicsi t\u00f6vismad\u00e1r le\u00e1nny\u00e1 v\u00e1ltozott, mert le\u00e1ny is volt azel\u0151tt, az \u00fcvegkir\u00e1lyn\u00e9 szobale\u00e1nya. Az \u00fcvegv\u00e1rb\u00f3l pedig aranyv\u00e1r lett ism\u00e9t, mert arany volt ez is annak el\u0151tte. Na, mikor minden ilyen sz\u00e9pen j\u00f3ra fordult, az \u00fcvegkir\u00e1ly elbesz\u00e9lte, hogy s mint lett bel\u0151le \u00fcvegember, hogy ker\u00fclt dong\u00f3 a has\u00e1ba. Az \u00fagy volt, hogy egy v\u00e9n boszork\u00e1ny el akarta vetetni vele a le\u00e1ny\u00e1t.<\/p><p style=\"text-align: justify;\">Mikor azt\u00e1n t\u00fcnd\u00e9rv\u00e1rb\u00f3l hozott mag\u00e1nak feles\u00e9get, a boszork\u00e1ny nagy bossz\u00fas\u00e1g\u00e1ban dong\u00f3v\u00e1 v\u00e1ltoztatta le\u00e1ny\u00e1t, \u0151t pedig \u00fcvegg\u00e9, s bel\u00e9je k\u00fcld\u00f6tte, hogy r\u00e1gja, k\u00ednozza. \u0150, a boszork\u00e1ny, k\u00e9tkard\u00fa p\u00f3kk\u00e1 v\u00e1ltozott, hogy a kir\u00e1lyn\u00e9 r\u00f3zsaruh\u00e1j\u00e1t p\u00f3kh\u00e1l\u00f3val bevonhassa. A szobale\u00e1ny pedig t\u00f6vismad\u00e1rr\u00e1, aki mindig let\u00e9pi a p\u00f3kh\u00e1l\u00f3t r\u00f3la, hogy azt\u00e1n ism\u00e9t befonhassa. Hanem ez m\u00e9g nem volt el\u00e9g, megl\u0151tte a t\u00e1ltost is.<\/p><p style=\"text-align: justify;\">Mikor \u00edgy elmondott mindent az egyszeri \u00fcvegkir\u00e1ly, mondja a kir\u00e1lypajt\u00e1s\u00e1nak: &#8211; No, pajt\u00e1s, te velem annyi j\u00f3t tett\u00e9l, hogy \u00e9n azt neked soha meg nem tudom szolg\u00e1lni. &#8211; Nekem ne is szolg\u00e1ld &#8211; mond\u00e1 a kir\u00e1ly -, csak azt mondd meg, hol van a t\u00fcnd\u00e9rkert. &#8211; \u00d3, az nincs messze ide &#8211; mond\u00e1 az \u00fcvegkir\u00e1ly -, egy szempillant\u00e1s sem telik bel\u00e9, odarep\u00edt az \u00e9n t\u00e1ltos lovam. M\u00e9g vacsor\u00e1ra sem maradt ott a kir\u00e1ly, pedig ugyancsak marasztalt\u00e1k. Fel\u00fclt a t\u00e1ltos h\u00e1t\u00e1ra, s hipp-hopp, ott voltak a t\u00fcnd\u00e9rkertben.<\/p><p style=\"text-align: justify;\">Haj, Istenem! Nagy szomor\u00fas\u00e1g lehetett ottan, mert gy\u00e1szba volt bor\u00edtva az eg\u00e9sz t\u00fcnd\u00e9rkert, t\u00fcnd\u00e9rkert k\u00f6zep\u00e9n a gy\u00e9m\u00e1ntpalota. K\u00e9rdi a kir\u00e1ly a t\u00fcnd\u00e9rekt\u0151l: &#8211; Kit gy\u00e1szolnak itten? Felelt\u00e9k a t\u00fcnd\u00e9rek: &#8211; A kir\u00e1lykisasszonyt. Szeg\u00e9ny, amiatt val\u00f3 nagy b\u00e1nat\u00e1ban, hogy a n\u00e9nj\u00e9t a k\u00e9tkard\u00fa p\u00f3k minden \u00f3r\u00e1ban befonja a h\u00e1l\u00f3j\u00e1val, feh\u00e9r liliomm\u00e1 v\u00e1ltozott. Mondja a kir\u00e1ly a t\u00fcnd\u00e9reknek: vezess\u00e9k el \u0151t ahhoz a feh\u00e9r liliomhoz, hadd n\u00e9zze meg.<\/p><p style=\"text-align: justify;\">Odamennek, s h\u00e1t a rozmarint csak meghajlik a feh\u00e9r liliom el\u0151tt. Az aranytoll\u00fa mad\u00e1r r\u00e1sz\u00e1ll, elkezd \u00e9nekelni, s \u00edm &#8211; halljatok csod\u00e1t! &#8211; ebben a pillanatban megr\u00e1zk\u00f3d\u00e9k a feh\u00e9r liliom, s olyan gy\u00f6ny\u00f6r\u0171s\u00e9ges le\u00e1nny\u00e1 v\u00e1ltozott, amilyet m\u00e9g emberi szem nem l\u00e1tott. Hej, nagyot ki\u00e1ltott a kir\u00e1ly \u00f6r\u00f6m\u00e9ben. Azt mondta: &#8211; Eny\u00e9m lesz az a le\u00e1ny, ha addig \u00e9lek is! De a t\u00fcnd\u00e9rkisasszony sem h\u00faz\u00f3dozott t\u0151le, s mindj\u00e1rt papot h\u00edvattak, nagy lakodalmat csaptak, azt\u00e1n f\u00f6lkerekedtek, megl\u00e1togatt\u00e1k a s\u00f3gors\u00e1got is, ott is volt d\u00ednomd\u00e1nom, lakodalom.<\/p><p style=\"text-align: justify;\">Azt\u00e1n megint f\u00f6lkerekedtek, haz\u00e1ig meg sem \u00e1llottak. S ott volt m\u00e9g csak az igazi vend\u00e9gs\u00e9g, de olyan, hogy h\u00e9t orsz\u00e1gra sz\u00f3lott, h\u00e9t h\u00f3napig tartott, rost\u00e1val hordott\u00e1k a bort, ki kapott enni, ki nem, de mindenki j\u00f3llakott. \u00c9n is ott voltam, egy nagy csontot kaptam, menj oda te is, adnak neked is.<\/p>\t\t\t\t\t\t<\/div>\n\t\t\t\t<\/div>\n\t\t\t\t\t<\/div>\n\t\t<\/div>\n\t\t\t\t\t<\/div>\n\t\t<\/section>\n\t\t\t\t<\/div>\n\t\t","protected":false},"excerpt":{"rendered":"<p>Volt egyszer egy kir\u00e1ly, akit a n\u00e9pei er\u0151sen szerettek, de sokat is b\u00fasultak miatta, mert nem akart megh\u00e1zasodni. Mi lesz az orsz\u00e1gunkb\u00f3l &#8211; \u00e9vel\u0151dtek a n\u00e9pek -, ha egyszer meghal a kir\u00e1lyunk, s nem marad \u00f6r\u00f6k\u00f6se! Hiszen a kir\u00e1ly szeretett volna megh\u00e1zasodni, be is j\u00e1rt orsz\u00e1got-vil\u00e1got, de sehol sem tal\u00e1lt kedv\u00e9re val\u00f3 feles\u00e9get. Nem tudta [&hellip;]<\/p>\n","protected":false},"author":2,"featured_media":0,"parent":0,"menu_order":0,"comment_status":"closed","ping_status":"closed","template":"","meta":{"footnotes":""},"aioseo_notices":[],"_links":{"self":[{"href":"https:\/\/www.bajnoczizsofia.hu\/index.php\/wp-json\/wp\/v2\/pages\/1625"}],"collection":[{"href":"https:\/\/www.bajnoczizsofia.hu\/index.php\/wp-json\/wp\/v2\/pages"}],"about":[{"href":"https:\/\/www.bajnoczizsofia.hu\/index.php\/wp-json\/wp\/v2\/types\/page"}],"author":[{"embeddable":true,"href":"https:\/\/www.bajnoczizsofia.hu\/index.php\/wp-json\/wp\/v2\/users\/2"}],"replies":[{"embeddable":true,"href":"https:\/\/www.bajnoczizsofia.hu\/index.php\/wp-json\/wp\/v2\/comments?post=1625"}],"version-history":[{"count":4,"href":"https:\/\/www.bajnoczizsofia.hu\/index.php\/wp-json\/wp\/v2\/pages\/1625\/revisions"}],"predecessor-version":[{"id":1629,"href":"https:\/\/www.bajnoczizsofia.hu\/index.php\/wp-json\/wp\/v2\/pages\/1625\/revisions\/1629"}],"wp:attachment":[{"href":"https:\/\/www.bajnoczizsofia.hu\/index.php\/wp-json\/wp\/v2\/media?parent=1625"}],"curies":[{"name":"wp","href":"https:\/\/api.w.org\/{rel}","templated":true}]}}