{"id":547,"date":"2021-01-26T12:08:47","date_gmt":"2021-01-26T12:08:47","guid":{"rendered":"http:\/\/wep.jamuzikant.cz\/?page_id=547"},"modified":"2026-02-27T18:44:52","modified_gmt":"2026-02-27T18:44:52","slug":"esemenyek","status":"publish","type":"page","link":"https:\/\/www.bajnoczizsofia.hu\/index.php\/esemenyek\/","title":{"rendered":"Esem\u00e9nyek"},"content":{"rendered":"\t\t<div data-elementor-type=\"wp-page\" data-elementor-id=\"547\" class=\"elementor elementor-547\">\n\t\t\t\t\t\t<section class=\"elementor-section elementor-top-section elementor-element elementor-element-db65506 elementor-section-boxed elementor-section-height-default elementor-section-height-default\" data-id=\"db65506\" data-element_type=\"section\">\n\t\t\t\t\t\t<div class=\"elementor-container elementor-column-gap-default\">\n\t\t\t\t\t<div class=\"elementor-column elementor-col-33 elementor-top-column elementor-element elementor-element-d384284\" data-id=\"d384284\" data-element_type=\"column\">\n\t\t\t<div class=\"elementor-widget-wrap elementor-element-populated\">\n\t\t\t\t\t\t<div class=\"elementor-element elementor-element-4797c57 elementor-widget elementor-widget-text-editor\" data-id=\"4797c57\" data-element_type=\"widget\" data-widget_type=\"text-editor.default\">\n\t\t\t\t<div class=\"elementor-widget-container\">\n\t\t\t\t\t\t\t<p><\/p>\n<p><span style=\"font-weight: 600;\"><span style=\"color: #333333; font-family: arial, helvetica, sans-serif;\">1.EngLax T\u00e1bor \u2013 relax\u00e1ci\u00f3s angolt\u00e1bor di\u00e1koknak (z\u00e1rt csoport)<\/span><\/span><b style=\"font-weight: normal;\"><\/b><\/p>\n<p><span style=\"font-size: 16px; font-family: arial, helvetica, sans-serif; color: #333333;\"><b style=\"font-weight: normal;\">&nbsp;<\/b><\/span><span style=\"color: #000000; font-family: arial, helvetica, sans-serif; white-space-collapse: preserve;\">Bontott csoportban a di\u00e1kok f\u00e9l napot az angol nyelvvel foglalkoznak, f\u00e9l napot pedig relax\u00e1ci\u00f3s technik\u00e1kat saj\u00e1t\u00edtanak el.&nbsp;A t\u00e1bor angolos r\u00e9sz\u00e9n mindennapi kommunik\u00e1ci\u00f3s gyakorlatokkal, illetve angol \u00e9s amerikai \u00e9rdekess\u00e9gekkel fognak megismerkedni a di\u00e1kok, m\u00edg a relax\u00e1ci\u00f3s foglalkoz\u00e1sok&nbsp;sok mozg\u00e1ssal \u00e9s m\u0171v\u00e9szetter\u00e1pi\u00e1s m\u00f3dszerekkel adnak \u00edzel\u00edt\u0151t az ir\u00e1ny\u00edtott ellazul\u00e1s technik\u00e1ir\u00f3l. Mindk\u00e9t esetben j\u00e1t\u00e9kos form\u00e1ban vonjuk be a gyerekeket.&nbsp;<\/span><\/p>\n<p><span style=\"font-family: arial, helvetica, sans-serif; color: #333333;\"><strong>\u0170rlap:&nbsp;<\/strong><span style=\"color: #3366ff;\"><a style=\"color: #3366ff;\" href=\"https:\/\/forms.gle\/tayX1MUUuThVD8nV8\">https:\/\/forms.gle\/tayX1MUUuThVD8nV8<\/a><\/span><\/span><\/p>\n<p><span style=\"font-family: arial, helvetica, sans-serif; color: #333333;\"><span style=\"font-weight: 600;\">T\u00e1rsszervez\u0151:<\/span>&nbsp;Dobos Bence<\/span><\/p>\n<p><span style=\"background-color: transparent; color: #000000; font-family: arial, helvetica, sans-serif; font-weight: bold; font-variant-numeric: normal; font-variant-east-asian: normal; font-variant-alternates: normal; font-variant-position: normal; font-variant-emoji: normal; vertical-align: baseline; white-space-collapse: preserve;\">Jelentkez\u00e9s:<\/span><span style=\"background-color: transparent; color: #000000; font-family: arial, helvetica, sans-serif; font-variant-numeric: normal; font-variant-east-asian: normal; font-variant-alternates: normal; font-variant-position: normal; font-variant-emoji: normal; vertical-align: baseline; white-space-collapse: preserve;\"> online form\u00e1ban a csatolt \u0171rlap kit\u00f6lt\u00e9s\u00e9vel<\/span><\/p>\n<p style=\"text-align: left;\"><span style=\"font-size: 16px; font-family: arial, helvetica, sans-serif; color: #000000; background-color: transparent; font-weight: 400; font-style: normal; font-variant: normal; text-decoration: none; vertical-align: baseline; white-space: pre-wrap;\">(A jelentkez\u00e9seket be\u00e9rkez\u00e9si sorrendben fogadjuk, maxim\u00e1lis l\u00e9tsz\u00e1m 24 f\u0151, a t\u00e1bor 18 f\u0151 alatt nem indul.)<\/span><\/p><p style=\"text-align: left;\"><span style=\"font-size: 16px; font-family: arial, helvetica, sans-serif; color: #000000; background-color: transparent; font-weight: 400; font-style: normal; font-variant: normal; text-decoration: none; vertical-align: baseline; white-space: pre-wrap;\"><br><\/span><\/p>\n<p style=\"text-align: left;\">\n<\/p><p style=\"text-align: left;\"><span style=\"font-weight: 600;\"><span style=\"color: #333333; font-family: arial, helvetica, sans-serif;\">2.EngLax T\u00e1bor \u2013 relax\u00e1ci\u00f3s angolt\u00e1bor di\u00e1koknak (z\u00e1rt csoport)<\/span><\/span><\/p>\n<p><span style=\"color: #000000; font-family: arial, helvetica, sans-serif; white-space-collapse: preserve;\">Bontott csoportban a di\u00e1kok f\u00e9l napot az angol nyelvvel foglalkoznak, f\u00e9l napot pedig relax\u00e1ci\u00f3s technik\u00e1kat saj\u00e1t\u00edtanak el.&nbsp;A t\u00e1bor angolos r\u00e9sz\u00e9n mindennapi kommunik\u00e1ci\u00f3s gyakorlatokkal, illetve angol \u00e9s amerikai \u00e9rdekess\u00e9gekkel fognak megismerkedni a di\u00e1kok, m\u00edg a relax\u00e1ci\u00f3s foglalkoz\u00e1sok&nbsp;sok mozg\u00e1ssal \u00e9s m\u0171v\u00e9szetter\u00e1pi\u00e1s m\u00f3dszerekkel adnak \u00edzel\u00edt\u0151t az ir\u00e1ny\u00edtott ellazul\u00e1s technik\u00e1ir\u00f3l. Mindk\u00e9t esetben j\u00e1t\u00e9kos form\u00e1ban vonjuk be a gyerekeket.&nbsp;<\/span><\/p>\n<p><span style=\"font-family: arial, helvetica, sans-serif; color: #333333;\"><strong>\u0170rlap:<\/strong> <em>felt\u00f6llt\u00e9s alatt<\/em><\/span><\/p>\n<p><span style=\"font-family: arial, helvetica, sans-serif; color: #333333;\"><span style=\"font-weight: 600;\">T\u00e1rsszervez\u0151:<\/span>&nbsp;Dobos Bence<\/span><\/p>\n<p><span style=\"background-color: transparent; color: #000000; font-family: arial, helvetica, sans-serif; font-weight: bold; font-variant-numeric: normal; font-variant-east-asian: normal; font-variant-alternates: normal; font-variant-position: normal; font-variant-emoji: normal; vertical-align: baseline; white-space-collapse: preserve;\">Jelentkez\u00e9s:<\/span><span style=\"background-color: transparent; color: #000000; font-family: arial, helvetica, sans-serif; font-variant-numeric: normal; font-variant-east-asian: normal; font-variant-alternates: normal; font-variant-position: normal; font-variant-emoji: normal; vertical-align: baseline; white-space-collapse: preserve;\"> online form\u00e1ban a csatolt \u0171rlap kit\u00f6lt\u00e9s\u00e9vel<\/span><\/p>\n<p><span style=\"font-family: arial, helvetica, sans-serif; color: #000000; background-color: transparent; font-variant-numeric: normal; font-variant-east-asian: normal; font-variant-alternates: normal; font-variant-position: normal; font-variant-emoji: normal; vertical-align: baseline; white-space-collapse: preserve;\">(A jelentkez\u00e9seket be\u00e9rkez\u00e9si sorrendben fogadjuk, maxim\u00e1lis l\u00e9tsz\u00e1m 24 f\u0151, a t\u00e1bor 18 f\u0151 alatt nem indul.)<\/span><\/p>\n<p><\/p>\n<p><strong><span style=\"color: #333333; font-family: arial, helvetica, sans-serif;\"><span style=\"background-color: transparent; font-variant-numeric: normal; font-variant-east-asian: normal; font-variant-alternates: normal; font-variant-position: normal; font-variant-emoji: normal; vertical-align: baseline;\">&nbsp;<\/span><\/span><\/strong><\/p>\n<p><\/p>\t\t\t\t\t\t<\/div>\n\t\t\t\t<\/div>\n\t\t\t\t\t<\/div>\n\t\t<\/div>\n\t\t\t\t<div class=\"elementor-column elementor-col-66 elementor-top-column elementor-element elementor-element-2a917ac\" data-id=\"2a917ac\" data-element_type=\"column\">\n\t\t\t<div class=\"elementor-widget-wrap elementor-element-populated\">\n\t\t\t\t\t\t<div class=\"elementor-element elementor-element-14e7037 elementor-widget elementor-widget-text-editor\" data-id=\"14e7037\" data-element_type=\"widget\" data-widget_type=\"text-editor.default\">\n\t\t\t\t<div class=\"elementor-widget-container\">\n\t\t\t\t\t\t\t<p><span style=\"font-size: 16px; font-family: arial, helvetica, sans-serif;\"><strong style=\"color: #333333;\">Id\u0151pont:<\/strong><span style=\"color: #333333;\"> <span style=\"color: #333333; font-family: arial, helvetica, sans-serif; font-size: 16px;\"><span style=\"background-color: transparent; font-style: normal; font-variant: normal; text-decoration: none; vertical-align: baseline; white-space: pre-wrap;\">2026. <\/span><span style=\"background-color: transparent; font-weight: 400; font-style: normal; font-variant: normal; text-decoration: none; vertical-align: baseline; white-space: pre-wrap;\">j\u00fanius 22-25. 9-15 \u00f3ra (gy\u00fclekez\u0151 8:50-t\u0151l az iskol\u00e1ban)<\/span><\/span><\/span><\/span><\/p>\n<p><span style=\"font-size: 16px; color: #333333; font-family: arial, helvetica, sans-serif;\"><strong>T\u00e1bor k\u00f6lts\u00e9ge:<\/strong> 32.000.- Forint\/f\u0151&nbsp;<\/span><\/p>\n<p><span style=\"color: #333333; font-family: arial, helvetica, sans-serif; font-size: 16px;\">(tartalmazza a teremb\u00e9rlet d\u00edj\u00e1t, a foglalkoz\u00e1sok \u00e1r\u00e1t, eszk\u00f6zk\u00f6lts\u00e9get, napi h\u00e1romszori \u00e9tkez\u00e9st)<\/span><\/p>\n<p><span style=\"font-size: 16px; color: #333333; font-family: arial, helvetica, sans-serif;\">&nbsp;<\/span><\/p>\n<p><span style=\"font-size: 16px; color: #333333; font-family: arial, helvetica, sans-serif;\">&nbsp;<\/span><\/p>\n<p><span style=\"font-size: 16px; color: #333333; font-family: arial, helvetica, sans-serif;\">&nbsp;<\/span><\/p>\n<p><span style=\"color: #333333; font-family: arial, helvetica, sans-serif;\">&nbsp;<\/span><span style=\"color: #333333; font-family: arial, helvetica, sans-serif;\">&nbsp;<\/span><\/p>\n<p><span style=\"font-size: 16px; color: #333333; font-family: arial, helvetica, sans-serif;\">&nbsp;<\/span><\/p>\n<p><span style=\"font-size: 16px; color: #333333; font-family: arial, helvetica, sans-serif;\">&nbsp;<\/span><\/p>\n<p><span style=\"color: #333333; font-family: arial, helvetica, sans-serif; font-size: 16px;\"><span style=\"background-color: transparent; font-weight: bold; font-style: normal; font-variant: normal; text-decoration: none; vertical-align: baseline; white-space: pre-wrap;\">Id\u0151pont: <\/span><span style=\"background-color: transparent; font-style: normal; font-variant: normal; text-decoration: none; vertical-align: baseline; white-space: pre-wrap;\"><span style=\"font-size: 16px; font-family: arial, helvetica, sans-serif;\"><span style=\"color: #333333;\">2025. augusztus 25-28. 9-15 \u00f3ra (gy\u00fclekez\u0151 8:50-t\u0151l az iskol\u00e1ban) <\/span><\/span><\/span><\/span><\/p>\n<p><span style=\"color: #333333; font-family: arial, helvetica, sans-serif; font-size: 16px;\"><span style=\"background-color: transparent; font-weight: bold; font-style: normal; font-variant: normal; text-decoration: none; vertical-align: baseline; white-space: pre-wrap;\">T\u00e1bor k\u00f6lts\u00e9ge: <\/span><span style=\"background-color: transparent; font-weight: 400; font-style: normal; font-variant: normal; text-decoration: none; vertical-align: baseline; white-space: pre-wrap;\">32.000.- Forint\/f\u0151<\/span><\/span><\/p>\n<p><span style=\"font-size: 16px; font-family: arial, helvetica, sans-serif; color: #333333; background-color: transparent; font-weight: 400; font-style: normal; font-variant: normal; text-decoration: none; vertical-align: baseline; white-space: pre-wrap;\">(tartalmazza a teremb\u00e9rlet d\u00edj\u00e1t, a foglalkoz\u00e1sok \u00e1r\u00e1t, eszk\u00f6zk\u00f6lts\u00e9get, napi h\u00e1romszori \u00e9tkez\u00e9st)<\/span><\/p>\t\t\t\t\t\t<\/div>\n\t\t\t\t<\/div>\n\t\t\t\t\t<\/div>\n\t\t<\/div>\n\t\t\t\t\t<\/div>\n\t\t<\/section>\n\t\t\t\t<section class=\"elementor-section elementor-top-section elementor-element elementor-element-5b30b74 elementor-section-boxed elementor-section-height-default elementor-section-height-default\" data-id=\"5b30b74\" data-element_type=\"section\">\n\t\t\t\t\t\t<div class=\"elementor-container elementor-column-gap-default\">\n\t\t\t\t\t<div class=\"elementor-column elementor-col-66 elementor-top-column elementor-element elementor-element-d968051\" data-id=\"d968051\" data-element_type=\"column\">\n\t\t\t<div class=\"elementor-widget-wrap elementor-element-populated\">\n\t\t\t\t\t\t<div class=\"elementor-element elementor-element-e71a6e1 elementor-widget elementor-widget-text-editor\" data-id=\"e71a6e1\" data-element_type=\"widget\" data-widget_type=\"text-editor.default\">\n\t\t\t\t<div class=\"elementor-widget-container\">\n\t\t\t\t\t\t\t<div><div><p style=\"text-align: justify;\"><span style=\"color: #333333; font-family: arial, helvetica, sans-serif;\"><span style=\"font-weight: 600;\">\u00a0<\/span><\/span><\/p><p style=\"text-align: justify;\"><span style=\"color: #333333; font-family: arial, helvetica, sans-serif;\"><span style=\"font-weight: 600;\">Mesem\u0171hely &#8211; a feln\u0151tt l\u00e9t kapuj\u00e1ban, \u00f6nismereti csoport l\u00e1nyoknak <\/span><span style=\"font-weight: 600;\">(15-18 \u00e9v)<\/span><\/span><\/p><div><p style=\"text-align: justify;\"><span style=\"font-size: 14px; color: #333333; font-family: arial, helvetica, sans-serif;\"><span style=\"font-size: 16px;\">T\u00e9ma:\u00a0\u00a0hivat\u00e1skeres\u00e9s, p\u00e1rv\u00e1laszt\u00e1s, csal\u00e1dalap\u00edt\u00e1s.\u00a0<em>\u201e\u00c9n ezt biztosan m\u00e1sk\u00e9pp akarom csin\u00e1lni!\u201d<\/em><\/span>\u00a0<\/span><\/p><\/div><p style=\"text-align: justify;\"><span style=\"color: #333333; font-family: arial, helvetica, sans-serif;\"><span style=\"font-size: 14px;\">\u00a0<\/span><span style=\"font-size: 16px;\">Ehhez az \u00fatkeres\u00e9shez, t\u00e1vlatok nyit\u00e1s\u00e1hoz kerestem a mes\u00e9ket, minden alkalommal egy \u00fajabb k\u00e9rd\u00e9st j\u00e1runk majd k\u00f6r\u00fcl, tekint\u00fcnk ki a j\u00f6v\u0151be, hogy a f\u00e9lelem \u00e9s szorong\u00e1s \u2013 amit az ismeretlen kelt \u2013 cs\u00f6kkenjen, hogy \u00e9rzelmileg tiszt\u00e1bb d\u00f6nt\u00e9sek sz\u00fclethessenek.<\/span><\/span><\/p><p><span style=\"font-size: 16px; color: #333333; font-family: arial, helvetica, sans-serif;\"><strong>Jelentkez\u00e9s:<\/strong>\u00a0<a style=\"color: #333333;\" href=\"mailto:mentalhigienes.segito@gmail.com\" target=\"_blank\" rel=\"noreferrer noopener\">mentalhigienes.segito@gmail.com<\/a>\u00a0(a lev\u00e9lben jelezd r\u00f6viden, ki vagy, \u00e9s mi\u00e9rt keltette fel az \u00e9rdekl\u0151d\u00e9sedet a kurzus)<\/span><\/p><\/div><\/div>\t\t\t\t\t\t<\/div>\n\t\t\t\t<\/div>\n\t\t\t\t\t<\/div>\n\t\t<\/div>\n\t\t\t\t<div class=\"elementor-column elementor-col-33 elementor-top-column elementor-element elementor-element-3059ed6\" data-id=\"3059ed6\" data-element_type=\"column\">\n\t\t\t<div class=\"elementor-widget-wrap elementor-element-populated\">\n\t\t\t\t\t\t<div class=\"elementor-element elementor-element-2dfa076 elementor-widget elementor-widget-text-editor\" data-id=\"2dfa076\" data-element_type=\"widget\" data-widget_type=\"text-editor.default\">\n\t\t\t\t<div class=\"elementor-widget-container\">\n\t\t\t\t\t\t\t<p class=\"has-text-color\"><span style=\"font-size: 16px; font-family: arial, helvetica, sans-serif;\"><strong>\u00a0<\/strong><\/span><\/p><p class=\"has-text-color\"><span style=\"font-size: 16px; font-family: arial, helvetica, sans-serif;\"><strong>Id\u0151pont:<\/strong> 2020. okt\u00f3ber 22-24.<\/span><\/p><p class=\"has-text-color\"><span style=\"font-size: 16px; font-family: arial, helvetica, sans-serif;\"><strong>Helysz\u00edn:<\/strong> Szentendre \u2013 belv\u00e1ros<\/span><\/p><p class=\"has-text-color\"><span style=\"font-size: 16px; font-family: arial, helvetica, sans-serif;\"><strong>K\u00f6lts\u00e9gek:<\/strong> ingyenes<\/span><\/p>\t\t\t\t\t\t<\/div>\n\t\t\t\t<\/div>\n\t\t\t\t\t<\/div>\n\t\t<\/div>\n\t\t\t\t\t<\/div>\n\t\t<\/section>\n\t\t\t\t<section class=\"elementor-section elementor-top-section elementor-element elementor-element-a896581 elementor-section-boxed elementor-section-height-default elementor-section-height-default\" data-id=\"a896581\" data-element_type=\"section\">\n\t\t\t\t\t\t<div class=\"elementor-container elementor-column-gap-default\">\n\t\t\t\t\t<div class=\"elementor-column elementor-col-66 elementor-top-column elementor-element elementor-element-da3c69e\" data-id=\"da3c69e\" data-element_type=\"column\">\n\t\t\t<div class=\"elementor-widget-wrap elementor-element-populated\">\n\t\t\t\t\t\t<div class=\"elementor-element elementor-element-d05aa1d elementor-widget elementor-widget-text-editor\" data-id=\"d05aa1d\" data-element_type=\"widget\" data-widget_type=\"text-editor.default\">\n\t\t\t\t<div class=\"elementor-widget-container\">\n\t\t\t\t\t\t\t<p style=\"text-align: justify;\"><span style=\"color: #333333; font-family: arial, helvetica, sans-serif;\"><strong>L\u00e9lekFON\u00f3 \u2013 \u00f6nismereti mesekurzus feln\u0151tteknek<\/strong><\/span><\/p><div class=\"wp-block-columns\"><div class=\"wp-block-column\"><p class=\"has-text-color\" style=\"text-align: justify;\"><span style=\"font-size: 16px; color: #333333; font-family: arial, helvetica, sans-serif;\">Szeretettel v\u00e1runk az \u00f6nismereti mesekurzuson, ahol 6-8 f\u0151s, z\u00e1rt csoportban keress\u00fck a v\u00e1laszokat, hogyan is kapcsol\u00f3dhatunk val\u00f3di \u00f6nmagunkhoz. Az \u00faton a mese szimb\u00f3lumaival \u00e9s a m\u0171v\u00e9szetter\u00e1pia eszk\u00f6zeivel kapcsol\u00f3dunk a kollekt\u00edv tud\u00e1shoz, a r\u00e1hangol\u00f3d\u00e1sban tibeti hangt\u00e1lak seg\u00edtenek. El\u0151k\u00e9pzetts\u00e9g nem sz\u00fcks\u00e9ges.<\/span><\/p><p class=\"has-text-color\" style=\"text-align: justify;\"><span style=\"font-size: 16px; color: #333333; font-family: arial, helvetica, sans-serif;\"><strong>Jelentkez\u00e9s:<\/strong>\u00a0<a style=\"color: #333333;\" href=\"mailto:mentalhigienes.segito@gmail.com\" target=\"_blank\" rel=\"noreferrer noopener\">mentalhigienes.segito@gmail.com<\/a> (a lev\u00e9lben jelezd r\u00f6viden, ki vagy, mi\u00e9rt keltette fel az \u00e9rdekl\u0151d\u00e9sedet a kurzus \u00e9s hogy a d\u00e9lel\u0151tti vagy a d\u00e9lut\u00e1ni csoport lenne alkalmasabb). <\/span><\/p><p class=\"has-text-color\" style=\"text-align: justify;\"><span style=\"font-size: 16px; color: #333333; font-family: arial, helvetica, sans-serif;\"><strong>T\u00e1rsszervez\u0151:<\/strong> Balogh-Kubicsek M\u00f3nika<\/span><\/p><\/div><\/div>\t\t\t\t\t\t<\/div>\n\t\t\t\t<\/div>\n\t\t\t\t\t<\/div>\n\t\t<\/div>\n\t\t\t\t<div class=\"elementor-column elementor-col-33 elementor-top-column elementor-element elementor-element-e68e3d2\" data-id=\"e68e3d2\" data-element_type=\"column\">\n\t\t\t<div class=\"elementor-widget-wrap elementor-element-populated\">\n\t\t\t\t\t\t<div class=\"elementor-element elementor-element-b01af31 elementor-widget elementor-widget-text-editor\" data-id=\"b01af31\" data-element_type=\"widget\" data-widget_type=\"text-editor.default\">\n\t\t\t\t<div class=\"elementor-widget-container\">\n\t\t\t\t\t\t\t<p class=\"has-text-color\"><span style=\"font-size: 16px; font-family: arial, helvetica, sans-serif; color: #333333;\">\u00a0<\/span><strong style=\"color: #333333; font-family: arial, helvetica, sans-serif;\">Id\u0151pont:<\/strong><span style=\"color: #333333; font-family: arial, helvetica, sans-serif;\"> 2020 j\u00falius 17-20.<\/span><\/p><p class=\"has-text-color\"><span style=\"font-size: 16px; font-family: arial, helvetica, sans-serif; color: #333333;\">(d\u00e9lel\u0151tt vagy d\u00e9lut\u00e1n)<\/span><\/p><p class=\"has-text-color\"><span style=\"font-size: 16px; font-family: arial, helvetica, sans-serif; color: #333333;\"><strong>Helysz\u00edn:<\/strong> Szentendre \u2013 belv\u00e1ros<\/span><\/p><p class=\"has-text-color\" style=\"text-align: left;\"><span style=\"font-family: arial, helvetica, sans-serif; font-size: 16px; color: #333333;\"><strong>K\u00f6lts\u00e9gek:<\/strong> 24.000.-\/4 nap (tartalmazza a kurzus d\u00edj\u00e1t, teremb\u00e9rletet, sz\u00fcks\u00e9ges eszk\u00f6z\u00f6ket)<\/span><\/p>\t\t\t\t\t\t<\/div>\n\t\t\t\t<\/div>\n\t\t\t\t\t<\/div>\n\t\t<\/div>\n\t\t\t\t\t<\/div>\n\t\t<\/section>\n\t\t\t\t<\/div>\n\t\t","protected":false},"excerpt":{"rendered":"<p>1.EngLax T\u00e1bor \u2013 relax\u00e1ci\u00f3s angolt\u00e1bor di\u00e1koknak (z\u00e1rt csoport) &nbsp;Bontott csoportban a di\u00e1kok f\u00e9l napot az angol nyelvvel foglalkoznak, f\u00e9l napot pedig relax\u00e1ci\u00f3s technik\u00e1kat saj\u00e1t\u00edtanak el.&nbsp;A t\u00e1bor angolos r\u00e9sz\u00e9n mindennapi kommunik\u00e1ci\u00f3s gyakorlatokkal, illetve angol \u00e9s amerikai \u00e9rdekess\u00e9gekkel fognak megismerkedni a di\u00e1kok, m\u00edg a relax\u00e1ci\u00f3s foglalkoz\u00e1sok&nbsp;sok mozg\u00e1ssal \u00e9s m\u0171v\u00e9szetter\u00e1pi\u00e1s m\u00f3dszerekkel adnak \u00edzel\u00edt\u0151t az ir\u00e1ny\u00edtott ellazul\u00e1s technik\u00e1ir\u00f3l. Mindk\u00e9t [&hellip;]<\/p>\n","protected":false},"author":2,"featured_media":0,"parent":0,"menu_order":0,"comment_status":"closed","ping_status":"closed","template":"","meta":{"footnotes":""},"aioseo_notices":[],"_links":{"self":[{"href":"https:\/\/www.bajnoczizsofia.hu\/index.php\/wp-json\/wp\/v2\/pages\/547"}],"collection":[{"href":"https:\/\/www.bajnoczizsofia.hu\/index.php\/wp-json\/wp\/v2\/pages"}],"about":[{"href":"https:\/\/www.bajnoczizsofia.hu\/index.php\/wp-json\/wp\/v2\/types\/page"}],"author":[{"embeddable":true,"href":"https:\/\/www.bajnoczizsofia.hu\/index.php\/wp-json\/wp\/v2\/users\/2"}],"replies":[{"embeddable":true,"href":"https:\/\/www.bajnoczizsofia.hu\/index.php\/wp-json\/wp\/v2\/comments?post=547"}],"version-history":[{"count":219,"href":"https:\/\/www.bajnoczizsofia.hu\/index.php\/wp-json\/wp\/v2\/pages\/547\/revisions"}],"predecessor-version":[{"id":1759,"href":"https:\/\/www.bajnoczizsofia.hu\/index.php\/wp-json\/wp\/v2\/pages\/547\/revisions\/1759"}],"wp:attachment":[{"href":"https:\/\/www.bajnoczizsofia.hu\/index.php\/wp-json\/wp\/v2\/media?parent=547"}],"curies":[{"name":"wp","href":"https:\/\/api.w.org\/{rel}","templated":true}]}}