{"id":602,"date":"2021-01-26T20:37:23","date_gmt":"2021-01-26T20:37:23","guid":{"rendered":"http:\/\/wep.jamuzikant.cz\/?page_id=602"},"modified":"2021-01-29T18:14:23","modified_gmt":"2021-01-29T18:14:23","slug":"a-gyogyito-viz-elemzes","status":"publish","type":"page","link":"https:\/\/www.bajnoczizsofia.hu\/index.php\/a-gyogyito-viz-elemzes\/","title":{"rendered":"Gondolatok a mes\u00e9r\u0151l (A gy\u00f3gy\u00edt\u00f3 v\u00edz)"},"content":{"rendered":"\t\t<div data-elementor-type=\"wp-page\" data-elementor-id=\"602\" class=\"elementor elementor-602\">\n\t\t\t\t\t\t<section class=\"elementor-section elementor-top-section elementor-element elementor-element-61f241c elementor-section-boxed elementor-section-height-default elementor-section-height-default\" data-id=\"61f241c\" data-element_type=\"section\">\n\t\t\t\t\t\t<div class=\"elementor-container elementor-column-gap-default\">\n\t\t\t\t\t<div class=\"elementor-column elementor-col-100 elementor-top-column elementor-element elementor-element-c81d4f2\" data-id=\"c81d4f2\" data-element_type=\"column\">\n\t\t\t<div class=\"elementor-widget-wrap elementor-element-populated\">\n\t\t\t\t\t\t<div class=\"elementor-element elementor-element-ff05a0a elementor-widget elementor-widget-image\" data-id=\"ff05a0a\" data-element_type=\"widget\" data-widget_type=\"image.default\">\n\t\t\t\t<div class=\"elementor-widget-container\">\n\t\t\t\t\t\t\t\t\t\t\t\t\t<img decoding=\"async\" width=\"150\" height=\"150\" src=\"https:\/\/www.bajnoczizsofia.hu\/wp-content\/uploads\/2021\/01\/szo\u0301ro\u0301lap-alapvirag8-150x150.png\" class=\"attachment-thumbnail size-thumbnail wp-image-698\" alt=\"\" \/>\t\t\t\t\t\t\t\t\t\t\t\t\t<\/div>\n\t\t\t\t<\/div>\n\t\t\t\t\t<\/div>\n\t\t<\/div>\n\t\t\t\t\t<\/div>\n\t\t<\/section>\n\t\t\t\t<section class=\"elementor-section elementor-top-section elementor-element elementor-element-a57020d elementor-section-boxed elementor-section-height-default elementor-section-height-default\" data-id=\"a57020d\" data-element_type=\"section\">\n\t\t\t\t\t\t<div class=\"elementor-container elementor-column-gap-default\">\n\t\t\t\t\t<div class=\"elementor-column elementor-col-66 elementor-top-column elementor-element elementor-element-45bbf8b\" data-id=\"45bbf8b\" data-element_type=\"column\">\n\t\t\t<div class=\"elementor-widget-wrap elementor-element-populated\">\n\t\t\t\t\t\t<div class=\"elementor-element elementor-element-f66c951 elementor-widget elementor-widget-text-editor\" data-id=\"f66c951\" data-element_type=\"widget\" data-widget_type=\"text-editor.default\">\n\t\t\t\t<div class=\"elementor-widget-container\">\n\t\t\t\t\t\t\t<p><!-- \/wp:paragraph --><!-- wp:paragraph --><\/p>\n<p style=\"text-align: justify;\">Sokat gondolkodtam, hogyan tudn\u00e1m le\u00edrni, mit is jelent nekem: beengedni a lelket. Ekkor jutott eszembe a mese, amit nagyon szeretek, \u00e9s ahogy v\u00e9gig gondoltam a t\u00f6rt\u00e9netet, arra j\u00f6ttem r\u00e1, hogy mennyire hasonl\u00edt az \u00fat, a l\u00e9p\u00e9sek, a k\u00fczdelmek, az aj\u00e1nd\u00e9kok. Ez\u00e9rt gondoltam, hogy le\u00edrom, hogy \u00e9n mit \u00e9ltem \u00e1t, tal\u00e1n seg\u00edt&#8230;, hiszen semmi m\u00e1st nem tudok.<\/p>\n<p style=\"text-align: justify;\">A l\u00e9p\u00e9sek ezek:<\/p>\n<p><!-- \/wp:paragraph --><!-- wp:paragraph --><\/p>\n<p style=\"text-align: justify;\">1) <strong>felismerni, hogy v\u00e1ltoz\u00e1sra van sz\u00fcks\u00e9g, hogy egyed\u00fcl csak \u00e9n vagyok k\u00e9pes v\u00e1ltoztatni az \u00e9letemen. <\/strong>(Nekem ez volt a legnehezebb. T\u0151led v\u00e1rtam, hogy v\u00e1ltozz, hiszen \u00e9n csak arra indulhattam, amit nem akartam. Nem akartam v\u00e1llalni a felel\u0151s\u00e9get, de hogyan v\u00e1rhatn\u00e9k valamit t\u0151led, amire \u00e9n k\u00e9ptelen vagyok? Az seg\u00edtett, amikor r\u00e1j\u00f6ttem, hogy ami van, az t\u00f6nkretesz minden sz\u00e9pet \u00e9s j\u00f3t (bennem, k\u00f6zt\u00fcnk, \u00e9s tal\u00e1n benned is), hogy nem tudok megmaradni a teljess\u00e9gben, hogy kibillentem. Nem a val\u00f3di szeretetben \u00e9lek. Elengedni ezt a ragaszkod\u00e1st, az elk\u00e9pzelt v\u00e1gyakat, a &#8220;mi lenne, ha az \u00e1lmaim val\u00f3ra v\u00e1ln\u00e1nak&#8221;&#8230;ez volt a legnehezebb. Hinni, hogy a v\u00e1gyaim b\u00e1r igazak, az \u00fat nem biztos, hogy az, amit a k\u00e9pzeletemben futtatok. R\u00e1j\u00f6nni, hogy ez nem a jelen, nem a val\u00f3s\u00e1g az, ami kit\u00f6lti a sz\u00edvem&#8230;, hanem az \u00e1lmaim, m\u00e9g ha\u00a0sok minden\u00a0igaz is volt bel\u0151le.)<\/p>\n<p><!-- \/wp:paragraph --><!-- wp:paragraph --><\/p>\n<p style=\"text-align: justify;\"><em>Ezt \u00edrja a mese is<\/em>: Vidrasz\u00edv \u00e9rezte, hogy kibillent az egys\u00e9g \u00e1llapot\u00e1b\u00f3l, a m\u00e1sik oldala haldoklott. Tudta, hogy cselekednie kell, hiszen &#8220;kiapadtak a forr\u00e1sok&#8221; &#8211; nem kapcsol\u00f3dott az \u00c9lethez, Istenhez, h\u00edvjuk b\u00e1rhogy. Valami puszt\u00edt\u00f3 er\u0151 ker\u00edtett hatalm\u00e1ba mindent. Vesz\u00e9lybe ker\u00fclt az \u00e9let.<\/p>\n<p><!-- \/wp:paragraph --><!-- wp:paragraph --><\/p>\n<p style=\"text-align: justify;\">2) miut\u00e1n ezt felismertem,\u00a0<strong>er\u0151re, hitre volt sz\u00fcks\u00e9gem, hogy menni fog<\/strong>. Hogy amit \u00e9rzek, hogy \u201eindulnom kell\u201d az igaz, \u00e9s hogy\u00a0<strong>ne f\u00e9ljek, att\u00f3l, ami j\u00f6n<\/strong>.<\/p>\n<p><!-- \/wp:paragraph --><!-- wp:paragraph --><\/p>\n<p style=\"text-align: justify;\"><em>Mit \u00edr a mese:\u00a0<\/em>&#8230;hogy l\u00e9tezik a gy\u00f3gy\u00edt\u00f3 f\u0171, de &#8220;aki szedni akar bel\u0151le, el kell mennie a lenyugv\u00f3 Nap ut\u00e1n&#8221;. \u0150r\u00fclt mag\u00e1ny, egyed\u00fcl az \u00e9jszak\u00e1ban, m\u00e9g a Nap se s\u00fct, minden kies \u00e9s kop\u00e1r. Senki sehol, a megszokott kapaszkod\u00f3k nincsenek. Ki kell l\u00e9pni a k\u00e9nyelmes, meleg otthonb\u00f3l, ki a megszokottb\u00f3l, a komfortz\u00f3n\u00e1b\u00f3l. Ez csak \u00fagy megy, ha hiszek &#8211; egy\u00e9bk\u00e9nt pokol. Maradni, az a biztos hal\u00e1l. A mese szerint fegyver n\u00e9lk\u00fcl kell indulni&#8230;, ezt csak \u00fagy lehet, ha elhiszem, hogy nincs vesz\u00e9ly, nincs mit\u0151l f\u00e9lni ezen az \u00faton.<\/p>\n<p><!-- \/wp:paragraph --><!-- wp:paragraph --><\/p>\n<p style=\"text-align: justify;\">3) &#8230;\u00e9s akkor\u00a0<strong>l\u00e1that\u00f3v\u00e1, \u00e9rz\u00e9kelhet\u0151v\u00e9 v\u00e1lik a L\u00e9lek<\/strong>. Amikor tudok nem markolni valamit, hogy az eny\u00e9m legyen, akkor helyet adok annak, ami val\u00f3ban be tudja\u00a0t\u00f6lteni a hi\u00e1nyaimat. Ez m\u00e1r k\u00f6vetkezm\u00e9ny. Az els\u0151 kett\u0151 a neh\u00e9z&#8230; (Legbel\u00fcl van valami bizonyoss\u00e1g, hogy \u00edgy j\u00f3. Nem sz\u00edvja el, vagy ki semmi, azt az er\u0151t, a Lelket.)<\/p>\n<p><!-- \/wp:paragraph --><!-- wp:paragraph --><\/p>\n<p style=\"text-align: justify;\"><em>Mese:<\/em>\u00a0Vidrasz\u00edv nem kereste, de az els\u0151, akivel tal\u00e1lkozott a sz\u00e1rnyaszegett mad\u00e1r, a L\u00e9lek volt, aki nem tudott rep\u00fclni. Nem tudott helyet v\u00e1ltoztatni, \u00f6sszek\u00f6tni az eget a f\u00f6lddel. Rab volt, de Vidrasz\u00edv megitatta, gondoskodott r\u00f3la, figyelt r\u00e1, meg\u00fajult a kapcsol\u00f3d\u00e1s. A mad\u00e1r nem tudta a v\u00e1laszt a k\u00e9rd\u00e9sre, hogy hol a gy\u00f3gy\u00edt\u00f3 f\u0171, de t\u00e1rs\u00e1v\u00e1, seg\u00edt\u0151j\u00e9v\u00e9 szeg\u0151d\u00f6tt az \u00faton. M\u00e1r nem volt egyed\u00fcl.<\/p>\n<p><!-- \/wp:paragraph --><!-- wp:paragraph --><\/p>\n<p style=\"text-align: justify;\">4)\u00a0<strong>kapcsol\u00f3dni a val\u00f3di v\u00e1gyamhoz<\/strong>, addig g\u00f6ngy\u00f6lni, am\u00edg megtal\u00e1lom, hogy mi az. Mi az, amire val\u00f3ban v\u00e1gyom?&#8230; a teljes \u00e9letre&#8230;.\u00e9s itt kezd tisztulni, hogy mi az, ami nem az eny\u00e9m, mi az, ami a sz\u00fcl\u0151k, vil\u00e1g, vagy b\u00e1rmi elv\u00e1r\u00e1sa fel\u00e9m, ami miatt f\u00e9ln\u00e9k, vagy ami miatt &#8220;nem szabad&#8221; kapcsol\u00f3dni a Farkasomhoz.<\/p>\n<p><!-- \/wp:paragraph --><!-- wp:paragraph --><\/p>\n<p style=\"text-align: justify;\"><em>Mese:\u00a0<\/em>megjelenik\u00a0a farkas, akit nem zabol\u00e1zott, nem &#8220;szocializ\u00e1lt&#8221; az ember, aki szabad, akin kereszt\u00fcl kapcsol\u00f3dhatok a val\u00f3di \u00f6nmagamhoz. Miut\u00e1n kapcsol\u00f3dom\u00a0a transzcendenshez\u00a0a l\u00e9lekkel (mad\u00e1r), \u00f6nmagam &#8220;eredetij\u00e9hez&#8221; &#8211; a farkasomhoz, meghallom a hangot, a v\u00e1laszt a k\u00e9rd\u00e9semre! Milyen sz\u00e9p, hogy a n\u0151i oldal sz\u00f3l, kezd \u00e9letre kelni, \u00e9s ahogy \u00e9ledezik, Vidrsz\u00edvet r\u00e1vezeti\u00a0a megold\u00e1sra. (Ilyen term\u00e9keny kapcsolatra v\u00e1gyom, nem csak egy f\u00e9rfival, de \u00f6nmagammal is. Minden, ami term\u00e9ketlen, ami nem az \u00c9letet szolg\u00e1lja, azt el kell engednem, annak meg kell halnia. Ez annyira biztos, hogy ennek ment\u00e9n k\u00f6nnyebb meghozni egy-egy d\u00f6nt\u00e9st. Itt nem zavar meg az \u00e9sz \u00e9s az \u00e9rzelmek sem.)<\/p>\n<p><!-- \/wp:paragraph --><!-- wp:paragraph --><\/p>\n<p style=\"text-align: justify;\">5)\u00a0<strong>engedni, hogy amit kerestem, az m\u00e1s legyen<\/strong>&#8230; azt hiszem, hogy ez m\u00e1r itt nem k\u00e9rd\u00e9s, hanem maga a felismer\u00e9s.<\/p>\n<p><!-- \/wp:paragraph --><!-- wp:paragraph --><\/p>\n<p style=\"text-align: justify;\"><em>Mese:\u00a0<\/em>\u201e\u00e9ltet\u0151 v\u00edz\u201d. Ez t\u00f6bb, mint, amit keresett. J\u00f3val t\u00f6bb. Az \u00c9let aj\u00e1nd\u00e9ka, vagy ahogy te mondan\u00e1d: Isten aj\u00e1nd\u00e9ka! A f\u0171, ha let\u00e9pi, m\u00e1r nem \u00e9l, a forr\u00e1s, viszont felduzzad. Err\u0151l lehet felismerni, hogy mindig t\u00f6bb, hogy nem fogy ki. Milyen sz\u00e9p, hogy rep\u00fcl haza, a L\u00e9lek sz\u00e1rny\u00e1n. K\u00e9pes egy m\u00e1s min\u0151s\u00e9g\u0171 l\u00e9tez\u00e9sre, amire ember egyed\u00fcl k\u00e9ptelen &#8211; beengedte\u00a0a Lelket!<\/p>\n<p><!-- \/wp:paragraph --><!-- wp:paragraph --><\/p>\n<p style=\"text-align: justify;\">6) integr\u00e1lva a haldokl\u00f3\/az \u00e9letemb\u0151l kiz\u00e1rt oldalam,\u00a0<strong>teljess\u00e9 v\u00e1lva<\/strong>\u00a0megv\u00e1ltozik a kapcsolataim\u00a0min\u0151s\u00e9ge (erre m\u00e9g csak v\u00e1gyakozom&#8230;, hogy tudjak val\u00f3ban \u00fagy szeretni, hogy az gy\u00f3gy\u00edtson, hogy az felemelje azt, akivel kapcsol\u00f3dom. Hogy semmi sz\u00edn alatt ne a hi\u00e1nyaim t\u00f6mk\u00f6d\u00e9s\u00e9t jelentse, hogy ne akarjak a szeretetem\u00e9rt cser\u00e9be semmit. \u00d6nzetlen\u00fcl szeretni, ezt szeretn\u00e9m, ez tenne igaz\u00e1n boldogg\u00e1&#8230;azt hiszem.)<\/p>\n<p><!-- \/wp:paragraph --><!-- wp:paragraph --><\/p>\n<p style=\"text-align: justify;\"><em>Mese:\u00a0<\/em>az eg\u00e9sz falu meggy\u00f3gyult, \u00fajj\u00e1\u00e9ledt, m\u00e9g boldogabbak voltak, mint azel\u0151tt.<\/p>\n<p><!-- \/wp:paragraph --><!-- wp:paragraph --><\/p>\n<p style=\"text-align: justify;\">neked,<\/p>\n<p><!-- \/wp:paragraph --><!-- wp:paragraph --><\/p>\n<p style=\"text-align: justify;\">zs<\/p>\t\t\t\t\t\t<\/div>\n\t\t\t\t<\/div>\n\t\t\t\t\t<\/div>\n\t\t<\/div>\n\t\t\t\t<div class=\"elementor-column elementor-col-33 elementor-top-column elementor-element elementor-element-3cf6adb\" data-id=\"3cf6adb\" data-element_type=\"column\">\n\t\t\t<div class=\"elementor-widget-wrap\">\n\t\t\t\t\t\t\t<\/div>\n\t\t<\/div>\n\t\t\t\t\t<\/div>\n\t\t<\/section>\n\t\t\t\t<\/div>\n\t\t","protected":false},"excerpt":{"rendered":"<p>Sokat gondolkodtam, hogyan tudn\u00e1m le\u00edrni, mit is jelent nekem: beengedni a lelket. Ekkor jutott eszembe a mese, amit nagyon szeretek, \u00e9s ahogy v\u00e9gig gondoltam a t\u00f6rt\u00e9netet, arra j\u00f6ttem r\u00e1, hogy mennyire hasonl\u00edt az \u00fat, a l\u00e9p\u00e9sek, a k\u00fczdelmek, az aj\u00e1nd\u00e9kok. Ez\u00e9rt gondoltam, hogy le\u00edrom, hogy \u00e9n mit \u00e9ltem \u00e1t, tal\u00e1n seg\u00edt&#8230;, hiszen semmi m\u00e1st nem [&hellip;]<\/p>\n","protected":false},"author":2,"featured_media":0,"parent":0,"menu_order":0,"comment_status":"closed","ping_status":"closed","template":"","meta":{"footnotes":""},"aioseo_notices":[],"_links":{"self":[{"href":"https:\/\/www.bajnoczizsofia.hu\/index.php\/wp-json\/wp\/v2\/pages\/602"}],"collection":[{"href":"https:\/\/www.bajnoczizsofia.hu\/index.php\/wp-json\/wp\/v2\/pages"}],"about":[{"href":"https:\/\/www.bajnoczizsofia.hu\/index.php\/wp-json\/wp\/v2\/types\/page"}],"author":[{"embeddable":true,"href":"https:\/\/www.bajnoczizsofia.hu\/index.php\/wp-json\/wp\/v2\/users\/2"}],"replies":[{"embeddable":true,"href":"https:\/\/www.bajnoczizsofia.hu\/index.php\/wp-json\/wp\/v2\/comments?post=602"}],"version-history":[{"count":69,"href":"https:\/\/www.bajnoczizsofia.hu\/index.php\/wp-json\/wp\/v2\/pages\/602\/revisions"}],"predecessor-version":[{"id":1557,"href":"https:\/\/www.bajnoczizsofia.hu\/index.php\/wp-json\/wp\/v2\/pages\/602\/revisions\/1557"}],"wp:attachment":[{"href":"https:\/\/www.bajnoczizsofia.hu\/index.php\/wp-json\/wp\/v2\/media?parent=602"}],"curies":[{"name":"wp","href":"https:\/\/api.w.org\/{rel}","templated":true}]}}